{"id":803,"date":"2023-10-24T01:32:10","date_gmt":"2023-10-23T19:32:10","guid":{"rendered":"https:\/\/amc.edu.mx\/amc2024\/?page_id=803"},"modified":"2024-03-01T00:39:44","modified_gmt":"2024-03-01T06:39:44","slug":"apoya-a-la-amc","status":"publish","type":"page","link":"https:\/\/amc.edu.mx\/amc2024\/apoya-a-la-amc\/","title":{"rendered":"Apoya a la AMC"},"content":{"rendered":"\n<div class=\"wp-block-columns is-layout-flex wp-container-core-columns-is-layout-9d6595d7 wp-block-columns-is-layout-flex\">\n<div class=\"wp-block-column is-layout-flow wp-block-column-is-layout-flow\" style=\"flex-basis:33.33%\">\n<figure class=\"wp-block-image size-large\"><img loading=\"lazy\" decoding=\"async\" width=\"1024\" height=\"768\" src=\"https:\/\/amc.edu.mx\/amc2024\/wp-content\/uploads\/2024\/02\/IMG_20190608_105531_resized_20190610_113745739-1024x768.jpeg\" alt=\"Gente que apoya a la AMC en programas ciencia para ni\u00f1os \" class=\"wp-image-2924\" srcset=\"https:\/\/amc.edu.mx\/amc2024\/wp-content\/uploads\/2024\/02\/IMG_20190608_105531_resized_20190610_113745739-1024x768.jpeg 1024w, https:\/\/amc.edu.mx\/amc2024\/wp-content\/uploads\/2024\/02\/IMG_20190608_105531_resized_20190610_113745739-300x225.jpeg 300w, https:\/\/amc.edu.mx\/amc2024\/wp-content\/uploads\/2024\/02\/IMG_20190608_105531_resized_20190610_113745739-768x576.jpeg 768w, https:\/\/amc.edu.mx\/amc2024\/wp-content\/uploads\/2024\/02\/IMG_20190608_105531_resized_20190610_113745739-1536x1152.jpeg 1536w, https:\/\/amc.edu.mx\/amc2024\/wp-content\/uploads\/2024\/02\/IMG_20190608_105531_resized_20190610_113745739-1140x855.jpeg 1140w, https:\/\/amc.edu.mx\/amc2024\/wp-content\/uploads\/2024\/02\/IMG_20190608_105531_resized_20190610_113745739.jpeg 1824w\" sizes=\"auto, (max-width: 1024px) 100vw, 1024px\" \/><\/figure>\n\n\n\n<div style=\"height:15px\" aria-hidden=\"true\" class=\"wp-block-spacer\"><\/div>\n\n\n\n<figure class=\"wp-block-image size-large\"><img loading=\"lazy\" decoding=\"async\" width=\"1024\" height=\"576\" src=\"https:\/\/amc.edu.mx\/amc2024\/wp-content\/uploads\/2023\/09\/Robotica-5-1024x576.jpeg\" alt=\"Programas de difusi\u00f3n de la ciencia con ni\u00f1os\" class=\"wp-image-2689\" srcset=\"https:\/\/amc.edu.mx\/amc2024\/wp-content\/uploads\/2023\/09\/Robotica-5-1024x576.jpeg 1024w, https:\/\/amc.edu.mx\/amc2024\/wp-content\/uploads\/2023\/09\/Robotica-5-300x169.jpeg 300w, https:\/\/amc.edu.mx\/amc2024\/wp-content\/uploads\/2023\/09\/Robotica-5-768x432.jpeg 768w, https:\/\/amc.edu.mx\/amc2024\/wp-content\/uploads\/2023\/09\/Robotica-5.jpeg 1032w\" sizes=\"auto, (max-width: 1024px) 100vw, 1024px\" \/><\/figure>\n\n\n\n<div style=\"height:15px\" aria-hidden=\"true\" class=\"wp-block-spacer\"><\/div>\n\n\n\n<figure class=\"wp-block-image size-full\"><img loading=\"lazy\" decoding=\"async\" width=\"1000\" height=\"1000\" src=\"https:\/\/amc.edu.mx\/amc2024\/wp-content\/uploads\/2024\/01\/quimica-2.jpeg\" alt=\"La AMC apoya programas de ciencia que involucran a j\u00f3venes\" class=\"wp-image-2672\" srcset=\"https:\/\/amc.edu.mx\/amc2024\/wp-content\/uploads\/2024\/01\/quimica-2.jpeg 1000w, https:\/\/amc.edu.mx\/amc2024\/wp-content\/uploads\/2024\/01\/quimica-2-300x300.jpeg 300w, https:\/\/amc.edu.mx\/amc2024\/wp-content\/uploads\/2024\/01\/quimica-2-150x150.jpeg 150w, https:\/\/amc.edu.mx\/amc2024\/wp-content\/uploads\/2024\/01\/quimica-2-768x768.jpeg 768w, https:\/\/amc.edu.mx\/amc2024\/wp-content\/uploads\/2024\/01\/quimica-2-75x75.jpeg 75w\" sizes=\"auto, (max-width: 1000px) 100vw, 1000px\" \/><\/figure>\n<\/div>\n\n\n\n<div class=\"wp-block-column is-layout-flow wp-block-column-is-layout-flow\" style=\"flex-basis:66.66%\">\n<p>La AMC cuenta con&nbsp;<strong>programas de divulgaci\u00f3n dirigidos a ni\u00f1os, j\u00f3venes y al p\u00fablico en general<\/strong>, que son ejemplo de la difusi\u00f3n del conocimiento cient\u00edfico y la promoci\u00f3n de la ciencia como parte de la cultura.&nbsp;<\/p>\n\n\n\n<p>Con su aportaci\u00f3n, los programas de la AMC podr\u00e1n tener una mayor cobertura, se beneficiar\u00e1 a un mayor n\u00famero de ni\u00f1as, ni\u00f1os y j\u00f3venes en el pa\u00eds, y la AMC podr\u00e1 reforzar sus actividades.<\/p>\n\n\n\n<p><strong>Al aportar su donativo a la AMC, usted est\u00e1 apoyando al futuro del pa\u00eds<\/strong>, fomentando que la educaci\u00f3n, la ciencia y la tecnolog\u00eda se conviertan en palanca de desarrollo para alcanzar una sociedad del conocimiento.<\/p>\n\n\n\n<p>Sus aportaciones se aplicar\u00e1n al desarrollo de los <a href=\"https:\/\/amc.edu.mx\/amc2024\/programas\/\">programas<\/a>, as\u00ed como a solventar gastos generales de operaci\u00f3n, aspirando lograr a largo plazo la estabilidad financiera de la AMC.<\/p>\n\n\n\n<p>Los donantes aparecer\u00e1n listados en el Informe Anual de la Academia, en el sitio web (dentro de este \u00edcono) y en el primer n\u00famero del a\u00f1o de la <a href=\"https:\/\/amc.edu.mx\/amc2024\/revista-ciencia\/\">Revista&nbsp;<em>Ciencia<\/em><\/a>. Si usted no desea aparecer, o bien prefiere que el nombre que aparezca en el listado sea diferente al suyo, por favor env\u00ede un correo a <a href=\"mailto:amcadmon@unam.mx\">amcadmon@unam.mx<\/a> con alguna de las siguientes indicaciones:<\/p>\n\n\n\n<p>i. &nbsp; &nbsp; &nbsp; Deseo ser incluido en el listado de donantes de la AMC<br>ii.&nbsp; &nbsp; &nbsp; No deseo ser incluido en el listado de donantes de la AMC<br>iii. &nbsp; &nbsp; Deseo ser incluido en el listado, pero bajo el nombre de \u2026<\/p>\n\n\n\n<p>Con objeto de facilitar su aportaci\u00f3n, se ofrecen cuatro opciones:<\/p>\n\n\n\n<ol class=\"wp-block-list\">\n<li>Dep\u00f3sito en cualquier sucursal BANAMEX a la cuenta 745471-8 Suc. 349 a nombre de Academia Mexicana de Ciencias, A. C. Se debe enviar la ficha de dep\u00f3sito con su nombre al correo: <a href=\"mailto:amcadmon@unam.mx\">amcadmon@unam.mx<\/a>.<\/li>\n\n\n\n<li>Transferencia electr\u00f3nica a la cuenta de la AMC (BANAMEX), con el n\u00famero de CLABE 002180034974547185. Se debe enviar el comprobante al correo <a href=\"mailto:amcadmon@unam.mx\">amcadmon@unam.mx<\/a>.<\/li>\n\n\n\n<li>A trav\u00e9s del \u201csistema de cargo autom\u00e1tico Banamex\u201d, permitiendo a Banamex a trav\u00e9s de la AMC realizar un cargo autom\u00e1tico a su tarjeta de cr\u00e9dito (Visa o Mastercard). Para ello es necesario contar con su autorizaci\u00f3n, mediante el llenado de la hoja (<a href=\"https:\/\/amc.mx\/amc\/CartaAutorizacion.pdf\" target=\"_blank\" rel=\"noreferrer noopener\">PDF<\/a>,&nbsp;<a href=\"https:\/\/amc.mx\/amc\/cartaautorizacion.ppt\" target=\"_blank\" rel=\"noreferrer noopener\">PPT<\/a>). Se debe hacer llegar al correo <a href=\"mailto:amcadmon@unam.mx\">amcadmon@unam.mx<\/a>.<\/li>\n\n\n\n<li>A trav\u00e9s del m\u00e9todo PayPal, ingresando en alguno de los siguientes botones:<\/li>\n<\/ol>\n\n\n\n<div style=\"height:20px\" aria-hidden=\"true\" class=\"wp-block-spacer\"><\/div>\n\n\n\n<p>Nacional<\/p>\n\n\n\n<form action=\"https:\/\/www.paypal.com\/cgi-bin\/webscr\" method=\"post\" target=\"_new\">\n<p><input name=\"cmd\" type=\"hidden\" value=\"_s-xclick\" \/> <input name=\"hosted_button_id\" type=\"hidden\" value=\"ECGVSKA2R9FHQ\" \/> <input title=\"PayPal - The safer, easier way to pay online!\" alt=\"Donar con el bot\u00f3n PayPal\" name=\"submit\" src=\"https:\/\/www.paypalobjects.com\/es_XC\/MX\/i\/btn\/btn_donateCC_LG.gif\" type=\"image\" \/> <img loading=\"lazy\" decoding=\"async\" src=\"https:\/\/www.paypal.com\/es_MX\/i\/scr\/pixel.gif\" alt=\"\" width=\"1\" height=\"1\" border=\"0\" \/><\/p>\n<\/form>\n\n\n\n<p>Internacional<\/p>\n\n\n\n<form action=\"https:\/\/www.paypal.com\/cgi-bin\/webscr\" method=\"post\" target=\"_new\"><input name=\"cmd\" type=\"hidden\" value=\"_s-xclick\" \/> <input name=\"hosted_button_id\" type=\"hidden\" value=\"HVB2DCDJALZFS\" \/> <input title=\"PayPal - The safer, easier way to pay online!\" alt=\"Donate with PayPal button\" name=\"submit\" src=\"https:\/\/www.paypalobjects.com\/en_US\/MX\/i\/btn\/btn_donateCC_LG.gif\" type=\"image\" \/> <img loading=\"lazy\" decoding=\"async\" src=\"https:\/\/www.paypal.com\/en_MX\/i\/scr\/pixel.gif\" alt=\"\" width=\"1\" height=\"1\" border=\"0\" \/><\/form>\n\n\n\n<div style=\"height:20px\" aria-hidden=\"true\" class=\"wp-block-spacer\"><\/div>\n\n\n\n<p>En cualquiera de las opciones que usted elija para pagar su cuota de membres\u00eda, la AMC le extender\u00e1 un recibo oficial deducible para efectos fiscales, para lo cual es indispensable que env\u00ede su constancia de situaci\u00f3n fiscal al correo <a href=\"mailto:amcadmon@unam.mx\">amcadmon@unam.mx<\/a>.<\/p>\n<\/div>\n<\/div>\n","protected":false},"excerpt":{"rendered":"<p>La AMC cuenta con&nbsp;programas de divulgaci\u00f3n dirigidos a ni\u00f1os, j\u00f3venes y al p\u00fablico en general, que son ejemplo de la difusi\u00f3n del conocimiento cient\u00edfico y la promoci\u00f3n de la ciencia como parte de la cultura.&nbsp; Con su aportaci\u00f3n, los programas de la AMC podr\u00e1n tener una mayor cobertura, se beneficiar\u00e1 a un mayor n\u00famero de ni\u00f1as, ni\u00f1os y j\u00f3venes en el pa\u00eds, y la AMC podr\u00e1 reforzar sus actividades. Al aportar su donativo a la AMC, usted est\u00e1 apoyando al futuro del pa\u00eds, fomentando que la educaci\u00f3n, la ciencia y la tecnolog\u00eda se conviertan en palanca de desarrollo para alcanzar una sociedad del conocimiento. Sus aportaciones se aplicar\u00e1n al desarrollo de los programas, as\u00ed como a solventar gastos generales de operaci\u00f3n, aspirando lograr a largo plazo la estabilidad financiera de la AMC. Los donantes aparecer\u00e1n listados en el Informe Anual de la Academia, en el sitio web (dentro de este \u00edcono) y en el primer n\u00famero del a\u00f1o de la Revista&nbsp;Ciencia. Si usted no desea aparecer, o bien prefiere que el nombre que aparezca en el listado sea diferente al suyo, por favor env\u00ede un correo a amcadmon@unam.mx con alguna de las siguientes indicaciones: i. &nbsp; &nbsp; &nbsp; Deseo ser incluido en el listado de donantes de la AMCii.&nbsp; &nbsp; &nbsp; No deseo ser incluido en el listado de donantes de la AMCiii. &nbsp; &nbsp; Deseo ser incluido en el listado, pero bajo el nombre de \u2026 Con objeto de facilitar su aportaci\u00f3n, se ofrecen cuatro opciones: Nacional Internacional En cualquiera de las opciones que usted elija para pagar su cuota de membres\u00eda, la AMC le extender\u00e1 un recibo oficial deducible para efectos fiscales, para lo cual es indispensable que env\u00ede su constancia de situaci\u00f3n fiscal al correo amcadmon@unam.mx.<\/p>\n","protected":false},"author":1,"featured_media":0,"parent":0,"menu_order":0,"comment_status":"closed","ping_status":"closed","template":"","meta":{"pgc_sgb_lightbox_settings":"","footnotes":""},"class_list":["post-803","page","type-page","status-publish","hentry"],"yoast_head":"<!-- This site is optimized with the Yoast SEO plugin v22.1 - https:\/\/yoast.com\/wordpress\/plugins\/seo\/ -->\n<title>Apoya a la AMC - Academia Mexicana de Ciencias<\/title>\n<meta name=\"description\" content=\"Apoya a la AMC para continuar con los programas de difusi\u00f3n del conocimiento cient\u00edfico y promoci\u00f3n de la ciencia como parte de la cultura.\u00a0\" \/>\n<meta name=\"robots\" content=\"noindex, follow, max-snippet:-1, max-image-preview:large, max-video-preview:-1\" \/>\n<meta property=\"og:locale\" content=\"es_MX\" \/>\n<meta property=\"og:type\" content=\"article\" \/>\n<meta property=\"og:title\" content=\"Apoya a la AMC - Academia Mexicana de Ciencias\" \/>\n<meta property=\"og:description\" content=\"Apoya a la AMC para continuar con los programas de difusi\u00f3n del conocimiento cient\u00edfico y promoci\u00f3n de la ciencia como parte de la cultura.\u00a0\" \/>\n<meta property=\"og:url\" content=\"https:\/\/amc.edu.mx\/amc2024\/apoya-a-la-amc\/\" \/>\n<meta property=\"og:site_name\" content=\"Academia Mexicana de Ciencias\" \/>\n<meta property=\"article:publisher\" content=\"https:\/\/www.facebook.com\/amciencias\" \/>\n<meta property=\"article:modified_time\" content=\"2024-03-01T06:39:44+00:00\" \/>\n<meta property=\"og:image\" content=\"https:\/\/amc.edu.mx\/amc2024\/wp-content\/uploads\/2024\/02\/IMG_20190608_105531_resized_20190610_113745739-1024x768.jpeg\" \/>\n<meta name=\"twitter:card\" content=\"summary_large_image\" \/>\n<meta name=\"twitter:site\" content=\"@amciencias\" \/>\n<meta name=\"twitter:label1\" content=\"Tiempo de lectura\" \/>\n\t<meta name=\"twitter:data1\" content=\"3 minutos\" \/>\n<script type=\"application\/ld+json\" class=\"yoast-schema-graph\">{\"@context\":\"https:\/\/schema.org\",\"@graph\":[{\"@type\":\"WebPage\",\"@id\":\"https:\/\/amc.edu.mx\/amc2024\/apoya-a-la-amc\/\",\"url\":\"https:\/\/amc.edu.mx\/amc2024\/apoya-a-la-amc\/\",\"name\":\"Apoya a la AMC - Academia Mexicana de Ciencias\",\"isPartOf\":{\"@id\":\"https:\/\/amc.edu.mx\/amc2024\/#website\"},\"datePublished\":\"2023-10-23T19:32:10+00:00\",\"dateModified\":\"2024-03-01T06:39:44+00:00\",\"description\":\"Apoya a la AMC para continuar con los programas de difusi\u00f3n del conocimiento cient\u00edfico y promoci\u00f3n de la ciencia como parte de la cultura.\u00a0\",\"breadcrumb\":{\"@id\":\"https:\/\/amc.edu.mx\/amc2024\/apoya-a-la-amc\/#breadcrumb\"},\"inLanguage\":\"es\",\"potentialAction\":[{\"@type\":\"ReadAction\",\"target\":[\"https:\/\/amc.edu.mx\/amc2024\/apoya-a-la-amc\/\"]}]},{\"@type\":\"BreadcrumbList\",\"@id\":\"https:\/\/amc.edu.mx\/amc2024\/apoya-a-la-amc\/#breadcrumb\",\"itemListElement\":[{\"@type\":\"ListItem\",\"position\":1,\"name\":\"Inicio\",\"item\":\"https:\/\/amc.edu.mx\/amc2024\/\"},{\"@type\":\"ListItem\",\"position\":2,\"name\":\"Apoya a la AMC\"}]},{\"@type\":\"WebSite\",\"@id\":\"https:\/\/amc.edu.mx\/amc2024\/#website\",\"url\":\"https:\/\/amc.edu.mx\/amc2024\/\",\"name\":\"Academia Mexicana de Ciencias\",\"description\":\"ACADEMIA MEXICANA DE CIENCIAS\",\"publisher\":{\"@id\":\"https:\/\/amc.edu.mx\/amc2024\/#organization\"},\"alternateName\":\"AMC\",\"potentialAction\":[{\"@type\":\"SearchAction\",\"target\":{\"@type\":\"EntryPoint\",\"urlTemplate\":\"https:\/\/amc.edu.mx\/amc2024\/?s={search_term_string}\"},\"query-input\":\"required name=search_term_string\"}],\"inLanguage\":\"es\"},{\"@type\":\"Organization\",\"@id\":\"https:\/\/amc.edu.mx\/amc2024\/#organization\",\"name\":\"Academia Mexicana de Ciencias\",\"alternateName\":\"AMC\",\"url\":\"https:\/\/amc.edu.mx\/amc2024\/\",\"logo\":{\"@type\":\"ImageObject\",\"inLanguage\":\"es\",\"@id\":\"https:\/\/amc.edu.mx\/amc2024\/#\/schema\/logo\/image\/\",\"url\":\"https:\/\/amc.edu.mx\/amc2024\/wp-content\/uploads\/2023\/10\/logo_amc-1.png\",\"contentUrl\":\"https:\/\/amc.edu.mx\/amc2024\/wp-content\/uploads\/2023\/10\/logo_amc-1.png\",\"width\":455,\"height\":300,\"caption\":\"Academia Mexicana de Ciencias\"},\"image\":{\"@id\":\"https:\/\/amc.edu.mx\/amc2024\/#\/schema\/logo\/image\/\"},\"sameAs\":[\"https:\/\/www.facebook.com\/amciencias\",\"https:\/\/twitter.com\/amciencias\",\"https:\/\/www.instagram.com\/amciencias\",\"https:\/\/www.youtube.com\/@AMCiencias\",\"https:\/\/www.tiktok.com\/@amciencias\"]}]}<\/script>\n<!-- \/ Yoast SEO plugin. -->","yoast_head_json":{"title":"Apoya a la AMC - Academia Mexicana de Ciencias","description":"Apoya a la AMC para continuar con los programas de difusi\u00f3n del conocimiento cient\u00edfico y promoci\u00f3n de la ciencia como parte de la cultura.\u00a0","robots":{"index":"noindex","follow":"follow","max-snippet":"max-snippet:-1","max-image-preview":"max-image-preview:large","max-video-preview":"max-video-preview:-1"},"og_locale":"es_MX","og_type":"article","og_title":"Apoya a la AMC - Academia Mexicana de Ciencias","og_description":"Apoya a la AMC para continuar con los programas de difusi\u00f3n del conocimiento cient\u00edfico y promoci\u00f3n de la ciencia como parte de la cultura.\u00a0","og_url":"https:\/\/amc.edu.mx\/amc2024\/apoya-a-la-amc\/","og_site_name":"Academia Mexicana de Ciencias","article_publisher":"https:\/\/www.facebook.com\/amciencias","article_modified_time":"2024-03-01T06:39:44+00:00","og_image":[{"url":"https:\/\/amc.edu.mx\/amc2024\/wp-content\/uploads\/2024\/02\/IMG_20190608_105531_resized_20190610_113745739-1024x768.jpeg"}],"twitter_card":"summary_large_image","twitter_site":"@amciencias","twitter_misc":{"Tiempo de lectura":"3 minutos"},"schema":{"@context":"https:\/\/schema.org","@graph":[{"@type":"WebPage","@id":"https:\/\/amc.edu.mx\/amc2024\/apoya-a-la-amc\/","url":"https:\/\/amc.edu.mx\/amc2024\/apoya-a-la-amc\/","name":"Apoya a la AMC - Academia Mexicana de Ciencias","isPartOf":{"@id":"https:\/\/amc.edu.mx\/amc2024\/#website"},"datePublished":"2023-10-23T19:32:10+00:00","dateModified":"2024-03-01T06:39:44+00:00","description":"Apoya a la AMC para continuar con los programas de difusi\u00f3n del conocimiento cient\u00edfico y promoci\u00f3n de la ciencia como parte de la cultura.\u00a0","breadcrumb":{"@id":"https:\/\/amc.edu.mx\/amc2024\/apoya-a-la-amc\/#breadcrumb"},"inLanguage":"es","potentialAction":[{"@type":"ReadAction","target":["https:\/\/amc.edu.mx\/amc2024\/apoya-a-la-amc\/"]}]},{"@type":"BreadcrumbList","@id":"https:\/\/amc.edu.mx\/amc2024\/apoya-a-la-amc\/#breadcrumb","itemListElement":[{"@type":"ListItem","position":1,"name":"Inicio","item":"https:\/\/amc.edu.mx\/amc2024\/"},{"@type":"ListItem","position":2,"name":"Apoya a la AMC"}]},{"@type":"WebSite","@id":"https:\/\/amc.edu.mx\/amc2024\/#website","url":"https:\/\/amc.edu.mx\/amc2024\/","name":"Academia Mexicana de Ciencias","description":"ACADEMIA MEXICANA DE CIENCIAS","publisher":{"@id":"https:\/\/amc.edu.mx\/amc2024\/#organization"},"alternateName":"AMC","potentialAction":[{"@type":"SearchAction","target":{"@type":"EntryPoint","urlTemplate":"https:\/\/amc.edu.mx\/amc2024\/?s={search_term_string}"},"query-input":"required name=search_term_string"}],"inLanguage":"es"},{"@type":"Organization","@id":"https:\/\/amc.edu.mx\/amc2024\/#organization","name":"Academia Mexicana de Ciencias","alternateName":"AMC","url":"https:\/\/amc.edu.mx\/amc2024\/","logo":{"@type":"ImageObject","inLanguage":"es","@id":"https:\/\/amc.edu.mx\/amc2024\/#\/schema\/logo\/image\/","url":"https:\/\/amc.edu.mx\/amc2024\/wp-content\/uploads\/2023\/10\/logo_amc-1.png","contentUrl":"https:\/\/amc.edu.mx\/amc2024\/wp-content\/uploads\/2023\/10\/logo_amc-1.png","width":455,"height":300,"caption":"Academia Mexicana de Ciencias"},"image":{"@id":"https:\/\/amc.edu.mx\/amc2024\/#\/schema\/logo\/image\/"},"sameAs":["https:\/\/www.facebook.com\/amciencias","https:\/\/twitter.com\/amciencias","https:\/\/www.instagram.com\/amciencias","https:\/\/www.youtube.com\/@AMCiencias","https:\/\/www.tiktok.com\/@amciencias"]}]}},"_links":{"self":[{"href":"https:\/\/amc.edu.mx\/amc2024\/wp-json\/wp\/v2\/pages\/803","targetHints":{"allow":["GET"]}}],"collection":[{"href":"https:\/\/amc.edu.mx\/amc2024\/wp-json\/wp\/v2\/pages"}],"about":[{"href":"https:\/\/amc.edu.mx\/amc2024\/wp-json\/wp\/v2\/types\/page"}],"author":[{"embeddable":true,"href":"https:\/\/amc.edu.mx\/amc2024\/wp-json\/wp\/v2\/users\/1"}],"replies":[{"embeddable":true,"href":"https:\/\/amc.edu.mx\/amc2024\/wp-json\/wp\/v2\/comments?post=803"}],"version-history":[{"count":24,"href":"https:\/\/amc.edu.mx\/amc2024\/wp-json\/wp\/v2\/pages\/803\/revisions"}],"predecessor-version":[{"id":3870,"href":"https:\/\/amc.edu.mx\/amc2024\/wp-json\/wp\/v2\/pages\/803\/revisions\/3870"}],"wp:attachment":[{"href":"https:\/\/amc.edu.mx\/amc2024\/wp-json\/wp\/v2\/media?parent=803"}],"curies":[{"name":"wp","href":"https:\/\/api.w.org\/{rel}","templated":true}]}}